ighest common divisor of s and 7?
7
Let q(s) = 3*s**2 + s - 2. Let k(r) = -2*r - 20. Let h be k(-9). Let j be q(h). Calculate the greatest common divisor of j and 32.
8
Let c be -3 + ((-2)/(-5))/((-6)/(-180)). What is the highest common divisor of c and 27?
9
Let p = 111 + -75. Suppose -4*d + 3*d + 4*r = -30, 4*d = -5*r + p. Calculate the highest common divisor of 2 and d.
2
Let f(p) = -p**2 - 4*p + 2. Let l be f(-4). Suppose 4*o - l*o - 16 = 0. Suppose -16 = -0*a - 2*a. Calculate the highest common divisor of a and o.
8
Suppose -10 = -c + 10. Calculate the greatest common divisor of c and 20.
20
Suppose q + 3*q - 160 = 0. Suppose 34 = 5*s - 16. Calculate the highest common factor of s and q.
10
Let h(q) = q. Let m be h(5). Suppose m*i - 155 = -0*i. Suppose -2*t + j + 29 = -0*t, 0 = -2*t + 3*j + i. Calculate the greatest common factor of t and 112.
14
Suppose 1 + 8 = q. Calculate the greatest common divisor of 81 and q.
9
Suppose -5 = -2*k - 1. Calculate the highest common divisor of 6 and k.
2
Let y be (-189)/(-6)*48/7. Let a = -94 + 118. Calculate the highest common divisor of a and y.
24
Let s = 20 + 3. Suppose v + s = 3*r - 3*v, 5*r + 5*v - 50 = 0. Calculate the highest common factor of r and 18.
9
Suppose 7*a - 4*a - 18 = 0. Calculate the greatest common factor of a and 6.
6
Let p = -10 - -24. What is the highest common factor of p and 2?
2
Let p(g) = -g - 2. Let m be p(-5). Suppose m*f - 15 = 3*t - 5*t, -2*t = f - 25. Let c be (4/5)/(1/t). What is the highest common divisor of 8 and c?
4
Suppose 2*u - 4*j + 4 = 0, -6*j + j + 20 = -5*u. Let y = u + 18. What is the highest common factor of y and 18?
6
Suppose 17 = z - 3*s, -2*s = -z - 0*z + 15. Calculate the highest common divisor of z and 77.
11
Let q be (-66)/(-4)*(-15 + 17). Calculate the highest common factor of q and 22.
11
Suppose 10 = 4*y + 34. Let i = -2 - y. Let q(u) = u**2 - u + 1. Let d be q(i). What is the highest common factor of 143 and d?
13
Suppose g = -3*i + 23, -4*g - 27 - 9 = -4*i. What is the highest common factor of 32 and i?
8
Suppose -3*f - 3*h = -h, 0 = 3*h. Suppose 3*r + o + 41 = f, 4 - 1 = -r + 5*o. Let n = r - -90. What is the greatest common factor of 11 and n?
11
Suppose 2*c - 5*k = 443 - 181, -2*c + 3*k + 258 = 0. Calculate the highest common divisor of 18 and c.
18
Let g(a) = 5*a**2 + 5*a + 6. Let o be g(7). Calculate the highest common divisor of 26 and o.
26
Let i = 357 - 252. Calculate the highest common divisor of 15 and i.
15
Let k(a) = 2*a**2 + 21*a - 1. Let j(v) = v**2 + 11*v - 1. Let n(x) = -11*j(x) + 6*k(x). Let p be n(-5). Calculate the greatest common divisor of 35 and p.
5
Let a be ((-6)/7)/((-3)/(-21)). Let s be (-12)/(a*3/60). Suppose 2*z + 10 = -3*x + 30, 5*x + 10 = z. Calculate the highest common divisor of s and z.
10
Suppose 3*l + 0*l + 18 = 3*p, p = 4*l + 9. Suppose -2*r + 40 = p*o - 0*r, -4*o + 2*r = -32. Calculate the highest common divisor of 24 and o.
8
Suppose 2*v - 80 = -3*v. Let s = 7 + -1. Suppose -2*y - 16 = -s*y. Calculate the greatest common divisor of y and v.
4
Let j = -9 - -14. Suppose -4*c + 19 = 3*u - 16, -j*c = -4*u + 57. What is the highest common divisor of u and 39?
13
Let q be (10/8)/(8/64). What is the greatest common factor of q and 70?
10
Let g(b) = -b**2 + 8*b + 11. Let d be g(9). Suppose 0 = -6*p + d*p + 36. What is the highest common divisor of 6 and p?
3
Let g be 3/((-6)/4) + 4. Suppose -3*b = -4*b - 3*n + 21, -g*b - n + 27 = 0. Calculate the greatest common divisor of b and 36.
12
Suppose -n + f + f = -21, 2*f - 5 = -n. Let x = 169 + -26. What is the highest common divisor of x and n?
13
Let f = 10 - -1. Let w(m) = -m**3 - 3*m**2 - 4*m + 5. Let r be w(-4). Let z = r - 26. What is the highest common divisor of f and z?
11
Suppose 2*d = -3*d + 20. Suppose d*c = 5 + 3. Calculate the highest common factor of 18 and c.
2
Suppose 3*x = 5*x - 60. Let t = x - 12. Calculate the greatest common divisor of t and 9.
9
Let b be (1 - (-4 - 0)) + -2. Let v be b*(5/3 + -1). Calculate the highest common divisor of v and 14.
2
Let m be (6/(-10))/(3/(-15)). Suppose 0 = -5*j - r + 489, -4*r = -8*j + m*j + 494. What is the highest common factor of 14 and j?
14
Let q = 28 - 9. Let w = -54 - -130. Calculate the highest common factor of w and q.
19
Let j(a) = a**2 - 6*a. Let w be j(-8). Calculate the highest common divisor of 16 and w.
16
Suppose 4*l + 24 = 4*x, -4*x + 10 = -x - l. Let j be 3/x*(-8)/(-3). Let m be 1/4 + 3/j. Calculate the highest common factor of m and 8.
1
Suppose -5*f = -3*f. Suppose 3*g - g - 20 = f. Let m(q) = q**2 - q + 70. Let c be m(0). What is the highest common divisor of c and g?
10
Suppose 8*s - 3*s + 3*w = 6, -3*s + 24 = -5*w. Suppose -s = 4*b + 25. Let n = 1 - b. What is the greatest common divisor of n and 40?
8
Let n = -108 + 180. Let p(t) = 27*t - 2. Let x(w) = 14*w - 1. Let h(f) = -6*p(f) + 11*x(f). Let g be h(-1). Calculate the highest common divisor of n and g.
9
Let s = -19 - -17. Suppose 0*j - 4*k - 46 = -5*j, 5*j + 2*k - 22 = 0. Let m = j + s. What is the greatest common factor of m and 6?
2
Suppose -4*j + 52 = -24. What is the highest common factor of 76 and j?
19
Let t(y) = -8*y - 1. Let n be t(1). Let m = 13 + n. Calculate the greatest common divisor of 8 and m.
4
Let m be (-26)/(-130) - (-1118)/10. Calculate the greatest common factor of 42 and m.
14
Let c be 21/(-28) - (-870)/8. Let v(u) = 2*u**3 - u**2 + u - 2. Let r be v(2). Calculate the greatest common divisor of c and r.
12
Suppose 3*h - 3*q = 21, -3*q - 2 = 4*h - 44. Let z(t) = t**2 - 4*t + 1. Let s be z(4). What is the highest common divisor of h and s?
1
Suppose 3*s + 77 = 5*t - 56, -4*s + 2*t = 154. Let m be s/(69/(-30) + 2). Calculate the highest common factor of 15 and m.
15
Let s = -5 - -8. Suppose 2 = -2*u + 5*q, -3*q + 39 = 3*u - 0*q. Suppose 3*z = s + u. Calculate the greatest common factor of z and 44.
4
Let a(d) = 23*d + 1. Let o be a(-1). Let v be (-14 - (3 + -3))*1. Let b = v - o. What is the greatest common factor of b and 32?
8
Suppose h = -0*h + 27. Let j(b) = -3*b + 27. Let x be j(6). Calculate the greatest common factor of x and h.
9
Suppose 0*a + 234 = 5*b - a, 5*a = 3*b - 136. Let u = b + -7. Suppose -5*l = -21 - 59. What is the greatest common divisor of u and l?
8
Let f = 1 - 0. Let b = 27 + -18. What is the highest common factor of f and b?
1
Suppose 2*y + 224 = 4*y - 4*o, 2*y - 5*o = 223. Calculate the greatest common divisor of 171 and y.
57
Suppose -3*g = p + 2*p - 54, 3*p = g - 6. Let t be (-3 - g/(-6))*-34. What is the greatest common factor of 170 and t?
17
Let k(f) = 4*f**2 - 6*f + 22. Let n be k(3). Calculate the highest common factor of n and 440.
40
Let v(j) = -j**3 - 5*j**2 + 11*j + 7. Let a be v(-7). What is the highest common factor of 70 and a?
14
Let b be 1/(-1) + 1/(3/696). Calculate the greatest common factor of b and 21.
21
Let w = -31 - -42. Let c be 44 + 2 + (-2)/1. What is the greatest common factor of w and c?
11
Let i be 0 - (1 + -3 + 3). Let x = i + 3. Calculate the highest common divisor of x and 1.
1
Suppose 4*l - j + 81 - 207 = 0, -5*j = -3*l + 86. Let t be (-2)/(-5) + 294/15. Suppose 2*c - 7*c + t = 0. What is the highest common factor of l and c?
4
Let f be (12/(-10))/(12/(-40)). What is the highest common divisor of 4 and f?
4
Let a be -28*(1 + 3 + 46). Let y be a/(-32) - 2/(-8). What is the greatest common divisor of y and 66?
22
Let o(s) = 5*s**2 + 10*s - 19. Let w be o(-9). Suppose 0 = -4*t - 5*m + 143, -5*m - 2 = -3*m. What is the highest common divisor of w and t?
37
Let n(v) = 3*v**2. Let u be n(-1). Suppose -2*m = a - u, 0 = a - m - m - 7. Calculate the highest common factor of 40 and a.
5
Suppose -3*c = 2*c - 15. Let t be 0 - (c - 2)*-5. Suppose 0 = 3*i + y - 48, -t*i + 64 = -i - 2*y. What is the greatest common factor of 112 and i?
16
Suppose 2*l + 68 = 6*l. Calculate the highest common divisor of l and 34.
17
Suppose 269 - 9 = -2*h. Let k = -74 - h. What is the highest common factor of 14 and k?
14
Suppose 0 = -6*l + 2*l + 1332. Let i = l + -221. Calculate the highest common factor of i and 16.
16
Let o(j) = -15*j**3 + j**2 + j + 1. Let n be o(-1). Let z be 1/3 + (-431)/(-3). Calculate the greatest common divisor of z and n.
16
Let u(h) = h**2 + 5*h + 7. Let q be u(-6).